tive of -21*y**5/20 + y**4/8 - 25*y**3/3 + 9. Let l(g) be the third derivative of q(g). What are the prime factors of l(-1)?
3, 43
Suppose -474894 - 408834 = -19*z. List the prime factors of z.
2, 3, 17, 19
Let d = 794 - 532. Let f = d + 120. List the prime factors of f.
2, 191
Suppose 0 = 17*s - 21*s + 324. What are the prime factors of (((-2396)/(-6))/(-1))/((-54)/s)?
599
Let k = -9 + 11. Suppose -9*l + 851 = 2*w - 4*l, -839 = -k*w - l. List the prime factors of w.
2, 11, 19
Let d(i) = -7*i + 3. Let k be d(0). Suppose -x = -6*z + 4*z + 164, -5*z = k*x - 410. List the prime factors of z.
2, 41
Suppose 166*z - 3084798 + 1562706 - 1550734 = 0. List the prime factors of z.
107, 173
Let a be 3614 - (2 + -1 - -5). Suppose -8966 = -19*d - a. List the prime factors of d.
2, 3, 47
What are the prime factors of 139014/24*8/3?
2, 7723
Suppose -a - 2535 = -17681. What are the prime factors of a/14 - 8/(-56)?
2, 541
Let n(s) = 33*s - 63. Let r be n(2). Suppose 0 = 2*q + y - 997, 0*q - 1991 = -4*q - r*y. What are the prime factors of q?
2, 5
Let f(h) = 13*h**2 - 5*h**2 - 4*h**2 - 9 - 7*h**2 - 34*h. Let g be f(-11). What are the prime factors of (12/(-4) + -219)*(-1)/g?
3, 37
Let f = -62 + 65. Let n be -2 + f - 0 - 8. List the prime factors of n/((-14)/(-4)) - -69.
67
Suppose 6*b - 38653 = 29675. What are the prime factors of b?
2, 3, 13, 73
List the prime factors of 3/12 - 1934940/(-272).
2, 3557
Suppose -4313*j + 3*g + 7636 = -4312*j, 4*j - 2*g = 30464. List the prime factors of j.
2, 11, 173
Let g(k) = -24*k + 18. Let z be g(9). Let w = z + 655. Suppose -2*b + 2*q = -b - 155, -w = -3*b - 2*q. List the prime factors of b.
3, 17
Let a = -119 + 116. Let o be 479*3/9*a. Let q = 678 + o. What are the prime factors of q?
199
Let b = 6346 + 29137. What are the prime factors of b?
7, 37, 137
Suppose -3*l - 10633 - 13032 = -5*f, -3*f - l = -14185. Suppose 3*j - f = -8*j. What are the prime factors of j?
2, 5, 43
Suppose 4 = 4*c - 4*j, -3*c = -2*j - 2*j - 1. Suppose -c*z + 29 = -u - 34, -83 = -4*z + u. List the prime factors of z.
2, 5
Let f = 80 + -80. Suppose -2*r + 3*l + 17 - 1 = f, l - 4 = -4*r. Suppose r*m + 5*n = 210, -2*m - 4*n + 206 = -0*m. List the prime factors of m.
5, 19
Let u(z) = 4*z + 12. Let t be u(3). Let d(g) = 5 + 5*g - t*g - 12 - 9. What are the prime factors of d(-3)?
41
Let h = -718 - -43136. What are the prime factors of h?
2, 127, 167
What are the prime factors of 6295 + (22 + 2)/(-6) + (4 - -1)?
2, 787
Suppose 2 + 26 = 7*s. Suppose 5*r = 5*p - 0*r - 325, 0 = s*r - 8. Suppose 496 = -p*i + 71*i. List the prime factors of i.
2, 31
Let u(h) = 20*h**2 - 9*h**2 - 7*h**2 + h - 3*h**2 + 8. What are the prime factors of u(20)?
2, 107
Suppose -4*w - 4*f = -48585 + 2533, 4*w = 4*f + 46028. What are the prime factors of w?
2, 5, 1151
Let a = -23 - -24. Let g be 0 + (24 - (3 + a)). Let f(r) = 5*r - 32. List the prime factors of f(g).
2, 17
Suppose -3*a + 4*a - 83 = 0. Suppose n - 90 = a. Let c = n + -59. List the prime factors of c.
2, 3, 19
Suppose 79*l - 80580 = 62*l. Suppose 20*u = 5*u + l. What are the prime factors of u?
2, 79
Let v(t) = 2*t**3 - 36*t**2 - 7*t - 101. List the prime factors of v(30).
61, 349
Let n be 378*((-4 - -6) + -3). Let d = 202 - n. List the prime factors of d.
2, 5, 29
Let f = -16853 - -25564. List the prime factors of f.
31, 281
Let c be 8/36 + 16/9 + -4. Let n(f) = 118*f**2 - 11*f - 21. What are the prime factors of n(c)?
11, 43
Suppose -4*z + 5*z - 217 = 0. Let k = 2468 + -2042. Let g = k - z. List the prime factors of g.
11, 19
Let v = 6802 - 3535. What are the prime factors of v/11*(-1 + 3)?
2, 3, 11
Let r be (1/3)/(((-4)/3)/(-4)). Let q be (1 + r)*(4 + -2). Suppose 0 = 3*j - q*j + 93. List the prime factors of j.
3, 31
Let t = 4089 + -1395. Let u = t + -1795. What are the prime factors of u?
29, 31
Suppose 3*b - 2*b = 3*l - 92, -2*l + 62 = -b. Let v(o) = -7 - 2 + l*o + 6 + 11*o. List the prime factors of v(4).
7, 23
Suppose 7*n = 3*n + 2*t + 8, 5*n = -t + 3. Suppose 5*v = 4*v - n. What are the prime factors of 385/10*(1 - v)?
7, 11
Let r = 4128 - 12906. Let a be (r/(-95))/(2 - 9/5). Suppose 3*p - a = -8*p. List the prime factors of p.
2, 3, 7
Suppose -63054 = -12*y - 3546. What are the prime factors of y?
3, 19, 29
Let l be 2*25/(-3) + (-18)/(-27). Let z(r) = -r**2 - 16*r + 40. What are the prime factors of z(l)?
2, 5
Let x = 296 + -297. List the prime factors of 3/6*(x + 0 + 1935).
967
Suppose 3307824 = -431*x + 485*x. What are the prime factors of x?
2, 13, 19, 31
Let k = -22809 + 90230. List the prime factors of k.
67421
Let l(y) = y**2 - 50*y + 222. Let x be l(45). Let g(j) = 11*j - 4. Let i be g(4). Let d = i - x. What are the prime factors of d?
43
Let i = -13 + 17. Suppose -58 - 278 = -i*f. Suppose j - f = 9. What are the prime factors of j?
3, 31
Let v = 112959 + -61913. What are the prime factors of v?
2, 25523
Let c = 10026 + -8719. List the prime factors of c.
1307
What are the prime factors of -3 + 3*(-1 + 38480/12)?
2, 11, 19, 23
Let t(l) = 2*l**3 + 8*l**2 - l - 4. Let u(w) = w**3 - w**2. Let f(j) = t(j) + 5*u(j). Let n be 18/45 - 13/(-5). What are the prime factors of f(n)?
11, 19
Let w(z) = -55 + 53*z - 37 + 85 - 36*z**2 + 2*z**3. List the prime factors of w(17).
2, 79
Let g = 0 - 0. Suppose g = 3*c - 24 - 12. List the prime factors of 1*c/28 + (-263)/(-7).
2, 19
Let f = 4159 - -618. What are the prime factors of f?
17, 281
Let b be (4 + (-5 - 2))*-61. Let c = -35 + 144. Let r = b - c. What are the prime factors of r?
2, 37
Let s = -137 - -233. Let a(m) = 2*m**2 - 33*m + 138. Let r be a(8). Suppose 0*o - s = -r*o. List the prime factors of o.
2, 3
Suppose 5*y - 42460 = -15240. Suppose -8*f - 1796 = -y. List the prime factors of f.
2, 3, 19
Suppose -4*f - 3 - 18 = -a, 0 = -2*f - 4*a + 12. List the prime factors of (822/f - 0)*76/(-114).
137
Suppose 24925 - 6332 = 2*i + j, 2*i - 5*j - 18575 = 0. List the prime factors of i.
5, 11, 13
Let b(n) = 85*n**3 - 14*n**2 + 45*n + 22. What are the prime factors of b(6)?
2, 13, 349
Let g = 63508 + -43477. List the prime factors of g.
3, 11, 607
Suppose 14 = 2*o - 340. Let f = o - 52. What are the prime factors of f?
5
Let d(a) = -a + 9. Let z be (-6)/(24/(-44)) - (-4 - -2). Let o be d(z). Let n(u) = -6*u + 11. List the prime factors of n(o).
5, 7
List the prime factors of (26210/(-25))/((-11)/(-2970)*-6).
2, 3, 2621
Let f = 128 + -128. Suppose 2*v - 70 - 208 = f. What are the prime factors of v?
139
Let k be (-1)/3 - (-110)/15. Suppose -37 = -5*w - 3*d, 7 + 6 = w - 5*d. Suppose f + k*t - 49 = 2*t, 0 = 4*t + w. What are the prime factors of f?
59
Let s(d) = 9*d**2 + 0 + 9 - d**3 + 1 + 6*d - 2. Suppose 4*u = 18 + 14. List the prime factors of s(u).
2, 3, 5
Suppose -6*q = -8*q - 2*i - 584, -3*q - 5*i - 874 = 0. Let y = q + 1618. What are the prime factors of y?
5, 53
Suppose -9*q = -6*q - 12, 0 = 3*h - 3*q + 12. List the prime factors of 184 + h + -2 + 0 + 4.
2, 3, 31
Let y(d) = 2*d**3 - 87*d**2 + 149*d + 198. What are the prime factors of y(45)?
2, 3, 7, 103
Suppose -3*s = w + 2, 0 = 3*w + 3*s + 7 + 17. Let r = -21 - w. Let v(b) = b**2 + 2*b + 16. List the prime factors of v(r).
2, 3
Let n(i) = i**3 - 12*i**2 + 11*i. Let l be n(13). Let q(j) = -103*j - 6. Let b be q(-4). Suppose b = 2*u + 3*u - a, l = 4*u - 4*a. List the prime factors of u.
2, 41
Let v = 58 - 12. Suppose 30*h = 28*h + 4. Suppose h*o = r - v, 5*r + 0*r + 3*o - 243 = 0. List the prime factors of r.
2, 3
Let x = 1810 - -3578. What are the prime factors of x?
2, 3, 449
Let c = 39034 - 24910. List the prime factors of c.
2, 3, 11, 107
Let t be 3/(-6)*1*102. Let h = t - -145. Let x = h - 25. What are the prime factors of x?
3, 23
Let f = -5287 - -7751. Suppose -f = -11*k + 1166. List the prime factors of k.
2, 3, 5, 11
Suppose 3 = 4*v + 5*r - 12, v + 4*r - 12 = 0. Suppose 30*b - 34*b + 1148 = v. What are the prime factors of b?
7, 41
Suppose -5*r = -14 - 11. Suppose 0 = x - r*x + 2*h + 30, x + 4*h = 3. Suppose 3*n = -3*z + x*n + 236, 5*z - 4*n = 404. What are the prime factors of z?
2, 3, 7
Let o(u) = 16*u - 29. Let z(v) = -15*v + 30. Let s(n) = 4*o(n) + 5*z(n). What are the prime factors of s(-31)?
3, 5
Suppose 708 = -6*q + 2*q. Let c = 502 + q. Suppose -7*h = -2*h - c. List the prime factors of h.
5,